d be 276/9 + -4 - (-2)/6. What is the highest common divisor of d and 27?
27
Let l be 0 - 2 - (5 + -9). What is the highest common factor of 6 and l?
2
Let w = -8 + 24. Calculate the greatest common factor of w and 32.
16
Let d(t) = 2*t. Let g be d(12). Calculate the greatest common divisor of 8 and g.
8
Suppose -2*v + 22 = -0*v. Calculate the greatest common divisor of v and 11.
11
Let u = 0 + 12. What is the greatest common factor of u and 20?
4
Let d be (-3)/9 + 93/9. What is the highest common divisor of 2 and d?
2
Let w(m) = m + 6. Let f be w(0). Let o(r) = r**2 - 2*r - 3. Let x be o(f). Calculate the highest common factor of 84 and x.
21
Let v be (2*(-9 + 7))/((-1)/36). Suppose 0 = -0*u + 2*u - 32. What is the greatest common factor of v and u?
16
Let j be 22/5 + 12/(-30). What is the greatest common divisor of j and 44?
4
Let n = 604 - 601. Suppose 5*o = 82 + 53. Calculate the greatest common factor of n and o.
3
Let r = 0 + 0. Let w(g) = g**3 - g**2 - g + 5. Let c be w(r). Let t = c + 1. Calculate the greatest common divisor of 24 and t.
6
Suppose -g + 25 = 4*f, -3*g + 10 = -3*f - 20. Let y be 195/10*(-28)/(-6). What is the greatest common factor of g and y?
13
Let p be (-27)/6*(-10)/3. Let n be (-1)/(8/6 + -1). Let b be 4 - (-3)/(n*1). Calculate the highest common divisor of b and p.
3
Suppose -60 = -8*l + 3*l. Suppose -y + 0*k + l = -2*k, 16 = y + 2*k. What is the highest common factor of y and 2?
2
Let x be (-726)/(-6) - (0 + 0). Suppose 41 = -5*c + x. What is the highest common divisor of 112 and c?
16
Let o = 78 - 38. What is the greatest common factor of o and 5?
5
Let j(f) = 13*f - 100. Let p be j(12). Suppose 0 = 4*h - 26 - 6. Calculate the highest common factor of h and p.
8
Suppose 0 = 5*a - 2*f - 45, -4*a + 2*a + 18 = -3*f. Suppose 2*m + a = 367. Let c = -62 + m. What is the highest common factor of c and 13?
13
Let y = 1 + 39. Calculate the greatest common factor of y and 5.
5
Let g = 136 - 24. What is the greatest common divisor of g and 28?
28
Let q be (-36)/(-18) + 2*34/4. Calculate the highest common factor of q and 133.
19
Suppose 10*d - 4*o - 232 = 5*d, -5*o = -3*d + 134. Calculate the highest common divisor of d and 216.
24
Let z(g) be the first derivative of -g**4/4 + 2*g**3 - g**2 + 6*g + 3. Let l be z(4). Calculate the highest common divisor of 6 and l.
6
Let u be 10/3 + 4/6. Let d be (-1)/6 - 2/(-12). Let f be d - (-31 + 0 + -1). Calculate the highest common factor of u and f.
4
Let b(t) = -t**2 + 16*t - 44. Let i be b(10). Calculate the highest common divisor of i and 80.
16
Let q = 65 + -29. Suppose -14 - q = -5*v. Calculate the greatest common divisor of v and 25.
5
Let t be (-4 - 4*-4) + 2. Calculate the greatest common divisor of 14 and t.
14
Let r = -3 - -5. Let g(n) = -n**2 + 17*n + 2. Let h be g(17). What is the highest common factor of r and h?
2
Let c be 6/(-12) - 322/4. Let h be (-1 + c/6)*2. Let i = h - -79. What is the highest common factor of 10 and i?
10
Let p = 18 - -8. Let f = p - 12. Suppose 4*u - 36 = -5*x, -4*u + x + 52 = 2*x. Calculate the highest common factor of f and u.
14
Let r be (1*-13)/(-2 + 1). Suppose -5*h = -424 + 99. What is the greatest common factor of r and h?
13
Let w be ((-24)/(-9))/(((-25)/5)/(-15)). Calculate the highest common divisor of w and 8.
8
Let x = 10 - 7. Let h(i) = -1 + 3*i - 5*i - i. Let a be h(-1). Calculate the highest common factor of a and x.
1
Suppose 1 = -3*c + 2*c. Let f(w) = 4*w + 4*w - 13*w. Let n be f(c). Calculate the highest common factor of n and 35.
5
Suppose -2*w - 24 = -6*w. What is the greatest common divisor of 42 and w?
6
Let v be -1 + 0 - (-1 + 1). Let b be -1 + (v - (2 - 46)). Suppose 17*w + 28 = 18*w. Calculate the highest common factor of w and b.
14
Let j = -197 + 198. Let q = 3 + -2. What is the greatest common divisor of j and q?
1
Let z(j) = 3*j**3 - 3*j**2 + 8*j + 2. Let t be z(3). Calculate the greatest common factor of 16 and t.
16
Let r(t) = t**3 - 3*t**2 - 2*t. Let d be r(5). What is the highest common factor of 8 and d?
8
Let q(n) = -4*n**2 - n**2 + 4*n**2 - 7*n - 6. Let x be q(-4). Calculate the greatest common divisor of 3 and x.
3
Let k = -3 + 2. Let o be ((-12)/(-42))/(k/(-7)). Suppose 0 = 5*h - 0*h + b - 355, 10 = o*b. What is the greatest common divisor of h and 10?
10
Let f = 242 - 134. What is the greatest common divisor of f and 4?
4
Let j(x) = -x**3 - 4*x**2 - 7. Suppose 0 = 5*h - 6*h - 5. Let i be j(h). What is the highest common factor of i and 6?
6
Let i(l) = 66*l**2 - l - 4. Let h(a) = -33*a**2 + a + 2. Let v(x) = 7*h(x) + 4*i(x). Let c be v(1). Calculate the highest common factor of c and 17.
17
Let x(b) = -4*b - 5. Let d(o) = 12*o + 14. Let t(n) = -4*d(n) - 11*x(n). Let m be t(-1). What is the greatest common divisor of m and 33?
3
Let t(h) = -h**3 + 8*h**2 - 9*h - 3. Let g be t(8). Let v = -45 - g. Let q(j) = 2*j - 16. Let i be q(11). Calculate the highest common factor of i and v.
6
Let a be (-4)/18 + -3 + (-17470)/(-45). Calculate the highest common factor of a and 35.
35
Let o(n) = n + 4. Let t be o(-8). Let m be (1 - t)*(-6)/(-5). Suppose -12 = -4*w - 4*i, -2*w + 4 + 2 = 5*i. Calculate the greatest common divisor of m and w.
3
Let s be ((-110)/(-3) - 0)*3. What is the greatest common divisor of 44 and s?
22
Let b(i) = -i**2 + i - 15. Let q be b(0). Let p = q + 21. What is the highest common divisor of p and 6?
6
Let j be ((-70)/3)/((-1)/3). Suppose -3*n + j = 16. Suppose 0*w + 4*w = 5*p + 226, -3*w - 4*p = -154. Calculate the highest common factor of n and w.
18
Let b = 1 + 17. Let u be ((-10)/15)/(2/(-90)). Let p be (-4)/(-10) + 168/u. What is the greatest common factor of b and p?
6
Let j = 63 - 52. What is the highest common factor of 110 and j?
11
Let g(v) = -4*v. Let p be g(-8). Calculate the greatest common factor of p and 48.
16
Let b be (-4 + 7)/(-15)*-115. What is the greatest common factor of b and 69?
23
Suppose -a - 3*t = 7, -t - 26 = -5*a + 3. Suppose -433 - 600 = -5*u - 3*c, -1029 = -a*u - 4*c. What is the greatest common divisor of 19 and u?
19
Let l = -3 + 6. Suppose l*s = 7*s - 8. Let x be 11 - 13 - -8*1. What is the highest common divisor of s and x?
2
Let g be (75/1)/(13/26). Calculate the greatest common factor of g and 60.
30
Let x(r) = r**2 - 8*r - 19. Let q be x(12). What is the greatest common factor of 145 and q?
29
Suppose -5*n = 4*n - 648. What is the highest common divisor of n and 8?
8
Let n(x) = 2*x**2 + 4*x - 3. Let f be n(1). Calculate the highest common factor of 12 and f.
3
Let x be 0/13 + 2*12. What is the highest common factor of 6 and x?
6
Suppose 50*i - 140 = 48*i. Calculate the greatest common factor of 14 and i.
14
Suppose 5*q = 3 + 7. Let l be (-1)/(1 - q)*2. Suppose 4*t - l*i = 240, -159 = -5*t + 5*i + 141. Calculate the greatest common factor of t and 12.
12
Suppose -4*h - n - 5 = -0*h, 3*n = 3*h + 15. Let j be -2 + h/((-1)/1). Let i(l) = -l**2 - l + 13. Let a be i(j). What is the highest common factor of a and 13?
13
Let r(x) = -x - 2. Suppose -h + 0 + 5 = 0. Let l be r(h). Let y(k) = -k + 4. Let p be y(l). What is the greatest common divisor of 33 and p?
11
Let s(f) = -f**3 - 4*f**2 + 6*f + 2. Let n be s(-5). Let c be -4 - (7 + 0)*-1. Let k be n*1*(-8)/c. Calculate the greatest common factor of k and 64.
8
Let b(m) = m + 9. Let f be b(-4). Suppose -4*y = 3*a - 165, 2*y = -f*a - y + 275. What is the greatest common divisor of 22 and a?
11
Let o = 173 + -88. Suppose -g + u + 1 - 2 = 0, -5*g - 25 = -u. Let d = 40 + g. What is the greatest common factor of d and o?
17
Let d be (-84)/(-15) + 2/5. Suppose 0 = j + 2 - 4. Let n be 92/j - (-8)/4. Calculate the highest common factor of n and d.
6
Let f = 5 + -2. Suppose 166 - 31 = f*i. What is the greatest common factor of i and 9?
9
Let r be 6*1*616/42. Calculate the highest common factor of r and 11.
11
Let p(i) = -i**3 + 2*i**2 - i + 1. Let m be p(2). Let b be 1*m + 24/4. Suppose -42 - 138 = -b*n. What is the highest common factor of n and 4?
4
Let d be 6/3 - (-4 - -4). Calculate the greatest common factor of 22 and d.
2
Let i = 3 - 3. Let v be (i/((-3)/(-3)))/(-2). Suppose -x + 16 = -v*x. What is the greatest common divisor of 32 and x?
16
Let c = -8 + 14. Suppose c*v = 2*v + 5*s + 44, 0 = -5*v + 3*s + 42. Suppose o 